alse
Does 12 divide 1405435?
False
Does 1518 divide 863401968?
True
Is 854 a factor of 3000044704?
False
Is 69359853 a multiple of 26?
False
Is 31 a factor of 451045598?
True
Does 27 divide 251828973?
True
Is 92 a factor of 310083332?
True
Does 217 divide 34345588?
False
Is 32993903 a multiple of 670?
False
Is 5692665 a multiple of 11?
True
Is 382 a factor of 21231942?
True
Is 46883011 a multiple of 180?
False
Is 24 a factor of 14115199?
False
Is 4771062 a multiple of 162?
True
Is 1821656848 a multiple of 16?
True
Is 121 a factor of 197833163?
False
Is 253 a factor of 8206835?
False
Does 458 divide 391003217?
False
Is 564779726 a multiple of 36?
False
Is 108 a factor of 30379867?
False
Does 1017 divide 28166832?
True
Is 13 a factor of 196110993?
True
Does 16 divide 1187952720?
True
Is 247 a factor of 3600568647?
True
Is 427 a factor of 5510862?
True
Is 74 a factor of 46462380?
True
Does 387 divide 1847301543?
True
Is 1656601536 a multiple of 71?
True
Is 2972919404 a multiple of 364?
True
Is 173 a factor of 82139189?
True
Does 33 divide 399468465?
True
Is 851015803 a multiple of 457?
True
Does 52 divide 1850628?
True
Is 1433427488 a multiple of 38?
True
Is 214 a factor of 38839018?
False
Is 3 a factor of 28630719?
True
Is 158294119 a multiple of 77?
False
Does 465 divide 104808675?
True
Does 18 divide 222279008?
False
Is 87576291 a multiple of 1089?
True
Is 229 a factor of 26618273?
True
Is 26 a factor of 22796037?
False
Is 441499910 a multiple of 13?
False
Does 6 divide 32679493?
False
Does 7903 divide 3483640638?
False
Is 943907220 a multiple of 10?
True
Is 2270848 a multiple of 261?
False
Is 1010 a factor of 914764070?
True
Is 52 a factor of 154020?
False
Does 540 divide 92006052?
False
Is 359059320 a multiple of 188?
True
Is 229128425 a multiple of 1826?
False
Is 25033084 a multiple of 10?
False
Is 22 a factor of 4382782?
False
Does 6342 divide 149861460?
True
Does 12 divide 147751326?
False
Is 90860528 a multiple of 176?
True
Is 5898539 a multiple of 68?
False
Is 1366496768 a multiple of 5908?
True
Does 85 divide 62675005?
True
Does 38 divide 296309484?
True
Does 181 divide 455835678?
False
Is 3861576243 a multiple of 65?
False
Does 27 divide 10584702?
True
Is 1165 a factor of 9644439?
False
Is 4339650388 a multiple of 811?
False
Is 26 a factor of 140741054?
False
Is 15 a factor of 15352755?
True
Is 141015002 a multiple of 19?
False
Does 1369 divide 369621525?
False
Is 9194580 a multiple of 540?
True
Is 8 a factor of 396772088?
True
Is 317833713 a multiple of 584?
False
Is 203 a factor of 133712165?
False
Is 618747668 a multiple of 28?
True
Is 169 a factor of 88198396?
True
Does 46 divide 24478672?
False
Is 506 a factor of 334846512?
True
Is 200 a factor of 38950373?
False
Is 61 a factor of 96402082?
True
Is 9241312 a multiple of 7?
False
Is 49 a factor of 83309917?
False
Is 39419676 a multiple of 4?
True
Does 81 divide 1300769032?
False
Is 6 a factor of 228774678?
True
Is 5 a factor of 25602874?
False
Does 43 divide 454361?
False
Is 1492819090 a multiple of 206?
False
Is 6230603520 a multiple of 45?
True
Is 124350265 a multiple of 65?
True
Is 1290 a factor of 96777631?
False
Is 22613060 a multiple of 31?
False
Is 63437570 a multiple of 39?
False
Is 4 a factor of 809769?
False
Does 59 divide 420353202?
False
Does 272 divide 2099152?
False
Does 19 divide 23265979?
False
Is 98727394 a multiple of 1296?
False
Does 4160 divide 151892415?
False
Is 256088754 a multiple of 9?
True
Is 99964596 a multiple of 1170?
False
Is 20691912 a multiple of 263?
False
Is 160924 a multiple of 3?
False
Is 31 a factor of 374764668?
False
Does 21 divide 1111923512?
False
Is 8 a factor of 1518016168?
True
Is 596184603 a multiple of 19?
True
Does 1394 divide 1230256?
False
Is 3653309 a multiple of 34?
False
Is 113265908 a multiple of 359?
False
Is 2637458921 a multiple of 265?
False
Does 9 divide 1997721709?
False
Does 4123 divide 18689559?
True
Is 29 a factor of 178440886?
True
Is 449 a factor of 3757935?
False
Is 379 a factor of 3833027595?
False
Is 304 a factor of 295451824?
True
Does 6 divide 43566234?
True
Is 48601148 a multiple of 332?
True
Is 2185175 a multiple of 10?
False
Is 570774009 a multiple of 39?
True
Is 60686076 a multiple of 44?
True
Is 142 a factor of 113887834?
True
Does 2 divide 3178259?
False
Is 52 a factor of 172731728?
True
Does 9 divide 178301284?
False
Is 630618265 a multiple of 7809?
False
Is 14 a factor of 285851553?
False
Is 6 a factor of 30605823?
False
Does 49 divide 496654451?
False
Is 1045506576 a multiple of 24?
True
Is 713 a factor of 901550895?
False
Does 82 divide 1486134?
False
Is 585458920 a multiple of 8?
True
Does 105 divide 1008198356?
False
Does 618 divide 1148672274?
True
Is 2430361 a multiple of 1410?
False
Is 84 a factor of 18133584?
True
Does 208 divide 596098464?
True
Does 589 divide 42639308?
False
Is 5 a factor of 50631110?
True
Does 7 divide 79702346?
False
Does 47 divide 20221327?
True
Is 532 a factor of 43646486?
False
Is 109 a factor of 399121882?
False
Is 339 a factor of 32809124?
False
Does 43 divide 62793600?
False
Does 6 divide 456136314?
True
Is 311 a factor of 149256986?
True
Is 9 a factor of 3869271?
True
Is 42 a factor of 1214867562?
False
Is 1811113459 a multiple of 13?
False
Is 1708200840 a multiple of 84?
False
Is 62 a factor of 17287150?
True
Is 23 a factor of 3614628871?
True
Is 26 a factor of 13537290?
True
Is 900 a factor of 34190100?
True
Is 477 a factor of 103084489?
False
Is 1733547479 a multiple of 1007?
True
Is 4961615 a multiple of 12?
False
Is 2371 a factor of 92144771?
False
Is 29866954 a multiple of 55?
False
Does 429 divide 146228969?
False
Does 1255 divide 583720527?
False
Is 1247012554 a multiple of 206?
True
Does 3 divide 954232150?
False
Does 155 divide 7081020?
True
Is 5 a factor of 626078415?
True
Is 572 a factor of 638517880?
True
Is 159 a factor of 539736849?
False
Is 989792067 a multiple of 1054?
False
Is 4019860494 a multiple of 663?
True
Is 28 a factor of 2427748754?
False
Is 1831 a factor of 69217619?
False
Is 110543258 a multiple of 7?
True
Is 65142944 a multiple of 14?
False
Is 1713 a factor of 84510855?
True
Is 3306137933 a multiple of 371?
True
Does 15 divide 1118639786?
False
Is 58982343 a multiple of 9?
False
Is 38375784 a multiple of 71?
True
Does 136 divide 264786832?
True
Is 49316162 a multiple of 22?
False
Is 1251 a factor of 150932670?
False
Does 13739 divide 5697151130?
True
Does 547 divide 8497072?
False
Does 1187 divide 63666634?
False
Does 336 divide 103014576?
True
Is 23 a factor of 342617798?
True
Does 121 divide 3592273168?
True
Is 39 a factor of 429957411?
True
Does 57 divide 7381075?
False
Is 56913691 a multiple of 5?
False
Is 9 a factor of 449867026?
False
Is 1445 a factor of 956977260?
True
Is 68 a factor of 883042656?
False
Does 351 divide 175208076?
False
Is 6609 a factor of 2207649088?
False
Does 295 divide 361669468?
False
Does 1154 divide 38389067?
False
Is 1302 a factor of 5887360028?
False
Does 914 divide 192976476?
True
Is 33456099 a multiple of 69?
True
Is 90009260 a multiple of 1436?
False
Does 888 divide 333770784?
True
Does 1762 divide 341251826?
True
Is 1714 a factor of 51525563?
False
Is 1046184945 a multiple of 1412?
False
Is 155935166 a multiple of 19?
True
Is 41 a factor of 8943509600?
False
Is 881014149 a multiple of 27?
False
Does 3223 divide 415879015?
False
Is 190 a factor of 29594780?
True
Is 7 a factor of 1052880893?
False
Is 495 a factor of 263229120?
True
Does 2268 divide 289027116?
True
Does 171 divide 47892141?
True
Does 105 divide 5130930?
True
Is 29 a factor of 194027146?
False
Is 1054498866 a multiple of 494?
False
Does 105 divide 38327310?
True
Does 369 divide 453834945?
True
Is 68 a factor of 38918872?
False
Is 4159801 a multiple of 55?
False
Is 3133071 a multiple of 75?
False
Does 17 divide 113830962?
False
Is 53965335 a multiple of 15?
True
Is 338374440 a multiple of 2685?
True
Does 13 divide 184295623?
False
Is 42 a factor of 144041477?
False
Is 7974535 a multiple of 569?
True
Is 20399392 a multiple of 416?
True
Is 40171828 a multiple of 45?
False
Does 177 divide 24818055?
True
Is 826592601 a multiple of 16?
False
Is 34243824 a multiple of 376?
True
Is 24855179 a multiple of 608?
False
Is 4 a factor of 845376911?
Fal